usands digit of 3381144?
1
What is the units digit of 222421?
1
What is the units digit of 229444?
4
What is the tens digit of 1493916?
1
What is the ten thousands digit of 1492375?
9
What is the hundred thousands digit of 578637?
5
What is the hundreds digit of 94386?
3
What is the thousands digit of 136990?
6
What is the millions digit of 1192342?
1
What is the ten thousands digit of 541798?
4
What is the hundreds digit of 2712840?
8
What is the ten millions digit of 14481696?
1
What is the tens digit of 338510?
1
What is the units digit of 1172627?
7
What is the thousands digit of 7285473?
5
What is the tens digit of 375134?
3
What is the units digit of 22734930?
0
What is the millions digit of 4406326?
4
What is the units digit of 1043468?
8
What is the tens digit of 5287176?
7
What is the ten thousands digit of 11300?
1
What is the ten thousands digit of 1012010?
1
What is the hundreds digit of 233093?
0
What is the ten thousands digit of 27226?
2
What is the tens digit of 9265789?
8
What is the hundreds digit of 307175?
1
What is the thousands digit of 920450?
0
What is the units digit of 5180?
0
What is the hundreds digit of 948651?
6
What is the thousands digit of 7403764?
3
What is the hundred thousands digit of 20568236?
5
What is the millions digit of 1963183?
1
What is the units digit of 23438235?
5
What is the hundred thousands digit of 526671?
5
What is the thousands digit of 15593118?
3
What is the thousands digit of 46333?
6
What is the hundred thousands digit of 1562288?
5
What is the hundred thousands digit of 570009?
5
What is the tens digit of 10138307?
0
What is the hundred thousands digit of 417253?
4
What is the tens digit of 452640?
4
What is the ten thousands digit of 17572098?
7
What is the millions digit of 10262712?
0
What is the ten thousands digit of 3984228?
8
What is the hundred thousands digit of 12733693?
7
What is the tens digit of 164276?
7
What is the millions digit of 1003274?
1
What is the hundreds digit of 1198858?
8
What is the hundred thousands digit of 38510496?
5
What is the units digit of 162791?
1
What is the thousands digit of 6837001?
7
What is the hundred thousands digit of 4959636?
9
What is the units digit of 8402089?
9
What is the tens digit of 7481688?
8
What is the hundreds digit of 519596?
5
What is the units digit of 3692750?
0
What is the hundred thousands digit of 413052?
4
What is the ten thousands digit of 493594?
9
What is the hundreds digit of 38333?
3
What is the thousands digit of 13055531?
5
What is the ten thousands digit of 255887?
5
What is the hundred thousands digit of 877094?
8
What is the units digit of 1204158?
8
What is the tens digit of 227570?
7
What is the hundred thousands digit of 118766?
1
What is the hundred thousands digit of 1606751?
6
What is the units digit of 108156?
6
What is the hundred thousands digit of 14065275?
0
What is the thousands digit of 97994?
7
What is the units digit of 4838641?
1
What is the thousands digit of 315232?
5
What is the units digit of 1126729?
9
What is the hundred thousands digit of 4229477?
2
What is the thousands digit of 408145?
8
What is the tens digit of 8418155?
5
What is the units digit of 1367784?
4
What is the tens digit of 53472?
7
What is the ten thousands digit of 529475?
2
What is the units digit of 1984383?
3
What is the hundreds digit of 803193?
1
What is the tens digit of 1357992?
9
What is the thousands digit of 10409?
0
What is the tens digit of 288967?
6
What is the tens digit of 30264691?
9
What is the hundreds digit of 480859?
8
What is the hundred thousands digit of 639333?
6
What is the hundred thousands digit of 2522436?
5
What is the ten thousands digit of 59561?
5
What is the ten thousands digit of 205635?
0
What is the tens digit of 502658?
5
What is the millions digit of 2461363?
2
What is the hundreds digit of 505017?
0
What is the hundred thousands digit of 803635?
8
What is the thousands digit of 4293170?
3
What is the hundreds digit of 8429874?
8
What is the units digit of 1559705?
5
What is the ten thousands digit of 1921101?
2
What is the hundred thousands digit of 2134241?
1
What is the ten millions digit of 11712880?
1
What is the units digit of 288417?
7
What is the hundred thousands digit of 1232741?
2
What is the hundred thousands digit of 10779289?
7
What is the hundreds digit of 3276400?
4
What is the millions digit of 2104012?
2
What is the millions digit of 1232433?
1
What is the ten thousands digit of 152883?
5
What is the millions digit of 4750104?
4
What is the thousands digit of 1654139?
4
What is the thousands digit of 502979?
2
What is the millions digit of 7560442?
7
What is the thousands digit of 3410771?
0
What is the units digit of 1966505?
5
What is the hundreds digit of 14398685?
6
What is the ten thousands digit of 18021372?
2
What is the tens digit of 216916?
1
What is the units digit of 1323714?
4
What is the tens digit of 12397193?
9
What is the ten thousands digit of 586563?
8
What is the thousands digit of 6763293?
3
What is the ten millions digit of 21314543?
2
What is the units digit of 4360461?
1
What is the hundreds digit of 216572?
5
What is the ten thousands digit of 96763?
9
What is the units digit of 1214801?
1
What is the tens digit of 244787?
8
What is the hundreds digit of 463753?
7
What is the thousands digit of 19762055?
2
What is the thousands digit of 49269?
9
What is the ten thousands digit of 4482543?
8
What is the hundred thousands digit of 1038031?
0
What is the hundred thousands digit of 169637?
1
What is the millions digit of 21775548?
1
What is the hundred thousands digit of 161074?
1
What is the hundreds digit of 11122778?
7
What is the thousands digit of 3931961?
1
What is the units digit of 587160?
0
What is the units digit of 6486321?
1
What is the tens digit of 198144?
4
What is the hundred thousands digit of 468239?
4
What is the hundreds digit of 253441?
4
What is the ten thousands digit of 8010792?
1
What is the tens digit of 137366?
6
What is the thousands digit of 221160?
1
What is the hundreds digit of 333660?
6
What is the thousands digit of 13070?
3
What is the tens digit of 304806?
0
What is the thousands digit of 8876977?
6
What is the millions digit of 36929991?
6
What is the hundreds digit of 15496802?
8
What is the thousands digit of 290931?
0
What is the hundreds digit of 890496?
4
What is the hundreds digit of 492060?
0
What is the ten thousands digit of 4289759?
8
What is the units digit of 343222?
2
What is the hundred thousands digit of 1287584?
2
What is the units digit of 947247?
7
What is the ten thousands digit of 3551951?
5
What is the millions digit of 1444492?
1
What is the thousands digit of 339013?
9
What is the units digit of 28708?
8
What is the ten thousands digit of 1537654?
3
What is the hundred thousands digit of 2579971?
5
What is the hundred thousands digit of 7194742?
1
What is the units digit of 560971?
1
What is the millions digit of 3568518?
3
What is the tens digit of 161157?
5
What is the ten thousands digit of 406369?
0
What is the hundreds digit of 57115?
1
What is the thousands digit of 3362967?
2
What is the thousands digit of 762962?
2
What is the tens digit of 531329?
2
What is the hundred thousands digit of 296360?
2
What is the millions digit of 13382645?
3
What is the hundreds digit of 8475126?
1
What is the hundreds digit of 376570?
5
What is the hundreds digit of 360227?
2
What is the units digit of 239232?
2
What is the thousands digit of 316971?
6
What is the millions digit of 9100268?
9
What is the hundreds digit of 4714562?
5
What is the thousands digit of 811443?
1
What is the hundreds digit of 1503875?
8
What is the thousands digit of 686156?
6
What is the units digit of 2016016?
6
What is the units digit of 20574?
4
What is the ten thousands digit of 600232?
0
What is the ten thousands digit of 2660693?
6
What is the tens digit of 499260?
6
What is the ten thousands digit of 7598561?
9
What is the thousands digit of 1157087?
7
What is the units digit of 406879?
9
What is the ten thousands digit of 733991?
3
What is the units digit of 9703970?
0
What is the hundreds digit of 914392?
3
What is the tens digit of 307305?
0
What is the hundred thousands digit of 172075?
1
What is the hu